onvert 1a9 (base 13) to base 12.
218
Convert -1321 (base 11) to base 2.
-11010110101
7 (base 8) to base 3
21
Convert -b54 (base 12) to base 14.
-85a
Convert -13530 (base 6) to base 7.
-6150
-226 (base 9) to base 12
-136
-8844 (base 10) to base 3
-110010120
What is -12467 (base 10) in base 4?
-3002303
-12775 (base 13) to base 9
-51857
-2cb (base 15) to base 12
-455
302022 (base 4) to base 7
12234
Convert -365 (base 7) to base 6.
-522
Convert 355 (base 9) to base 16.
125
What is 13211002 (base 4) in base 8?
74502
Convert 12607 (base 12) to base 13.
b53c
-1725 (base 10) to base 6
-11553
What is 352 (base 7) in base 16?
b8
201 (base 13) to base 14
1a3
What is 101664 (base 7) in base 14?
6534
2202031 (base 4) to base 16
288d
-13121322 (base 4) to base 7
-154266
Convert -402 (base 6) to base 9.
-172
Convert 91f (base 16) to base 11.
1833
What is 47ab (base 12) in base 4?
1331303
-333e (base 15) to base 2
-10101001101011
-156a (base 11) to base 6
-13152
104 (base 7) to base 11
49
-234c (base 14) to base 12
-3680
What is -85a (base 12) in base 4?
-103012
-114102 (base 5) to base 6
-31445
What is 22405 (base 7) in base 8?
13071
Convert 100011100110 (base 2) to base 15.
a1d
What is 12124 (base 10) in base 16?
2f5c
-18900 (base 13) to base 4
-23220222
-1096 (base 11) to base 5
-21221
What is -31177 (base 10) in base 7?
-156616
Convert -101001010001 (base 2) to base 14.
-d69
What is -bb91 (base 12) in base 9?
-31351
Convert 11101011000 (base 2) to base 6.
12412
What is -134 (base 13) in base 3?
-21212
-844 (base 12) to base 10
-1204
Convert 1002212 (base 3) to base 11.
673
Convert b461 (base 15) to base 12.
1a084
What is 13414 (base 5) in base 3?
1112002
-1212202021 (base 3) to base 5
-2140442
What is 858 (base 10) in base 4?
31122
32354 (base 9) to base 14
7b4d
What is 2044220 (base 5) in base 7?
202013
1150 (base 15) to base 11
2841
Convert -2ba (base 16) to base 2.
-1010111010
-5782 (base 11) to base 3
-101102012
Convert 22561 (base 9) to base 15.
46ca
What is -786 (base 14) in base 7?
-4226
Convert 1412 (base 8) to base 3.
1001211
What is -160505 (base 7) in base 8?
-75347
Convert -1001001000 (base 2) to base 11.
-491
469 (base 11) to base 13
340
What is 639 (base 10) in base 15?
2c9
What is 14b7 (base 13) in base 4?
233033
Convert -32102122 (base 4) to base 7.
-332422
What is -7153 (base 8) in base 15?
-1161
-337 (base 14) to base 9
-777
What is 38579 (base 11) in base 8?
153736
Convert -58787 (base 9) to base 3.
-1222212221
Convert 23140 (base 5) to base 2.
11010000110
-361 (base 12) to base 5
-4010
1302310 (base 5) to base 2
110001011110010
24165 (base 8) to base 15
3107
-1a93a (base 12) to base 4
-21212332
12603 (base 12) to base 3
1021101010
Convert -110000111001 (base 2) to base 9.
-4256
Convert 20212 (base 3) to base 5.
1220
-1477 (base 16) to base 7
-21163
-6ba0 (base 12) to base 3
-121120010
Convert 220 (base 3) to base 7.
33
What is -10352 (base 6) in base 11?
-1096
203320 (base 4) to base 9
3131
What is -111010001 (base 2) in base 16?
-1d1
Convert -646 (base 9) to base 13.
-318
-103 (base 16) to base 7
-520
What is -51303 (base 9) in base 12?
-17670
-3037 (base 9) to base 10
-2221
1b47 (base 12) to base 9
4551
-6053 (base 10) to base 7
-23435
Convert 12306 (base 8) to base 13.
2561
What is 1f11 (base 16) in base 10?
7953
-1a08 (base 14) to base 10
-4712
What is -4242 (base 7) in base 4?
-113130
What is 7894 (base 13) in base 16?
41d4
-2022110101 (base 3) to base 10
-45532
Convert 2110120 (base 3) to base 7.
5145
-1111111001010110 (base 2) to base 12
-3181a
What is 82a (base 13) in base 7?
4022
-15916 (base 11) to base 10
-22402
What is 1010010010 (base 2) in base 12?
46a
-10110101110 (base 2) to base 6
-10422
-4206 (base 11) to base 15
-19b7
Convert -5117 (base 13) to base 3.
-120022212
What is 133200 (base 4) in base 12?
1200
Convert 1246 (base 9) to base 16.
3a5
110111001100110 (base 2) to base 3
1102202202
Convert 371 (base 13) to base 3.
211012
359 (base 11) to base 12
2b7
Convert -17616 (base 9) to base 10.
-12165
22123001 (base 4) to base 14
117b3
Convert 1fbd (base 16) to base 9.
12127
-11100101010 (base 2) to base 10
-1834
What is 103431 (base 6) in base 5?
233322
-7304 (base 8) to base 5
-110110
-210201 (base 3) to base 10
-586
What is d828 (base 15) in base 2?
1011001010010001
Convert 1538 (base 9) to base 13.
6bc
What is -b0e (base 15) in base 9?
-3365
55225 (base 7) to base 3
200222111
Convert 4250 (base 9) to base 3.
11021200
Convert 6397 (base 10) to base 16.
18fd
What is 320020 (base 4) in base 13?
1834
1754 (base 10) to base 9
2358
Convert 26326 (base 13) to base 10.
70843
-15664 (base 7) to base 12
-26b4
Convert -a110 (base 11) to base 5.
-412232
Convert 6204 (base 10) to base 9.
8453
-131441 (base 5) to base 16
-147e
Convert -22348 (base 11) to base 15.
-98c4
Convert 102102211 (base 3) to base 12.
49aa
-982 (base 12) to base 6
-10242
What is -24012 (base 8) in base 7?
-41612
What is -101032 (base 4) in base 6?
-5034
Convert -2121 (base 3) to base 2.
-1000110
-213020 (base 5) to base 15
-2240
-18d99 (base 14) to base 8
-173113
What is 1019 (base 11) in base 12?
947
2097 (base 11) to base 13
134c
Convert -46a (base 14) to base 11.
-729
Convert 100403 (base 7) to base 9.
25285
What is -110020 (base 3) in base 10?
-330
What is 14440 (base 7) in base 14?
1657
What is 2a9 (base 12) in base 9?
513
311 (base 11) to base 7
1044
What is 55603 (base 9) in base 10?
36939
What is -375 (base 13) in base 11?
-4a9
What is -102120 (base 3) in base 14?
-184
-100553 (base 6) to base 11
-6003
Convert 7003 (base 12) to base 11.
90aa
Convert -101100101000 (base 2) to base 5.
-42411
What is -1010110101 (base 2) in base 11?
-580
What is 433 (base 9) in base 16?
162
20a6 (base 11) to base 8
5332
5c2 (base 13) to base 5
13003
1102002 (base 3) to base 9
1362
3100 (base 5) to base 11
334
What is -3188 (base 9) in base 10?
-2348
-210220 (base 3) to base 9
-726
What is -2915 (base 11) in base 6?
-25235
What is 615 (base 15) in base 11?
1036
-1011011011001100 (base 2) to base 3
-2101012012
Convert -12a8 (base 12) to base 6.
-13532
-6c (base 15) to base 14
-74
Convert 113312 (base 4) to base 6.
11022
What is 2245 (base 6) in base 7?
1361
Convert -46a (base 11) to base 2.
-1000110000
What is 1042121 (base 5) in base 14?
69d1
Convert -10101101101111 (base 2) to base 9.
-16224
3403 (base 5) to base 7
1252
da1 (base 15) to base 12
1944
Convert -1364 (base 7) to base 5.
-4121
Convert 729 (base 13) to base 5.
14333
-1129 (base 11) to base 16
-5cb
Convert 747 (base 8) to base 9.
601
-1001110000111 (base 2) to base 13
-2377
-2885 (base 12) to base 6
-33445
What is 4412 (base 6) in base 7?
2651
1666 (base 14) to base 5
112020
Convert 300 (base 16) to base 8.
1400
-2007 (base 12) to base 14
-1395
Convert 57001 (base 8) to base 11.
17098
Convert 4b2 (base 13) to base 11.
687
What is 36150 (base 8) in base 10?
15464
Convert -1153 (base 9) to base 11.
-710
Convert 8a6 (base 13) to base 9.
2033
Convert -2313 (base 6) to base 9.
-670
-866 (base 10) to base 7
-2345
-745 (base 8) to base 14
-269
-2443 (base 8) to base 12
-917
17420 (base 9) to base 8
27346
What is 198 (base 14) in base 16?
14a
Convert -3972 (base 13) to base 15.
-2670
4261 (base 11) to base 10
5633
-20121102 (base 3) to base 8
-11321
Convert 22101 (base 5) to base 13.
905
Convert 1510 (base 14) to base 5.
104423
What is -1210122 (base 3) in base 4?
-110201
Convert 3a7 (base 12) to base 4.
20233
Convert 3fde (base 16) to base 15.
4ca0
11225 (base 6) to base 2
11001000001
-12424 (base 6) to base 4
-131200
Convert -102110111 (base 3) to base 16.
-20a4
Convert -102532 (base 6) to base 8.
-20330
Convert -ef57 (base 16) to base 8.
-167527
What is 4129 (base 13) in base 8?
21440
What is 11553 (base 6) in base 8?
3275
Convert -42702 (base 9) to base 3.
-1102210002
Convert 5594 (base 13) to base 3.
121101122
Convert -dc (base 14) to base 10.
-194
What is 774 (base 11) in base 9?
1241
Convert -110001000 (base 2) to base 10.
-392
What is -13 (base 7) in base 3?
-101
What is 1130 (base 7) in base 14?
217
What is 3b7 (base 13) in base 11?
548
129a (base 11) to base 8
3222
Convert 32b (base 14) to base 16.
273
What is -1222022210 (base 3) in base 11?
-27230
4843 (base 9) to base 12
2103
What is 10304 (base 5) in 